Suppose -b = -3 - i. What is the tens digit of (20/b)/((-1)/(-6))?
2
Suppose 120 = 4*p - 5*h, -2*p = -h + 30 - 84. Suppose -15 - p = -4*q. What is the tens digit of q?
1
Let v(q) = -q**3 + 2*q**2 + 5*q + 5. Let k(l) = 4*l**3 - 9*l**2 - 21*l - 21. Let m(i) = -2*k(i) - 9*v(i). What is the tens digit of m(3)?
1
What is the tens digit of (5 - 8)/((-255)/(-129) + -2)?
2
Suppose 0 = -3*o - o + 20. Let y(b) = -b**2 + 7*b - 3. What is the units digit of y(o)?
7
Let s(m) = -m**2 + 2*m. Suppose -2 = -2*v - 0. Suppose -4*z + 2 = 10, 0 = j + z + v. What is the units digit of s(j)?
1
Suppose -3*c + 28 = -x + 2*x, -4*c + 5*x + 69 = 0. What is the tens digit of c?
1
Suppose 2*l = 6*l - 12. What is the units digit of l?
3
What is the units digit of -6 + 14 + (-3)/1?
5
Let n(d) be the third derivative of -d**5/60 - d**4/24 + 5*d**3/6 + 2*d**2. What is the units digit of n(0)?
5
Let t(y) = -y**2 + 7*y - 2. What is the tens digit of t(4)?
1
Let o = 0 - 0. Let y(q) = q + 13. What is the tens digit of y(o)?
1
Let u = -34 + 46. What is the tens digit of u?
1
Suppose w = 6*w - 160. Let v = w + 14. What is the units digit of v?
6
Let a(y) = -1 - 2*y - 5*y**2 + y**3 - 6*y**2 + 13*y**2. What is the tens digit of a(2)?
1
Let s(u) be the second derivative of u**4/6 - u**2 - 2*u. Let q be s(-2). Let a(o) = -o**2 + 7*o - 4. What is the units digit of a(q)?
2
Suppose -124 - 56 = -5*z. Suppose 11 - z = -5*o. Let p(a) = a**2 - 4*a + 3. What is the units digit of p(o)?
8
Suppose 5*q + 0*q = 25. Suppose q*r + 26 = 1. Let h = 6 + r. What is the units digit of h?
1
Let f = 4 - 1. Suppose -33 = -f*o + 51. What is the tens digit of o?
2
Suppose 0*x + 5*x = 1075. Suppose -4*c + x = 43. Let v = c + -26. What is the units digit of v?
7
Suppose m = -4*o + 14, -m - 3*m + 12 = 5*o. Let d(l) = 4*l - 6. Let t be d(3). Suppose 0 = -o*u + 2 + t. What is the units digit of u?
2
Let t = 52 - -15. What is the units digit of t?
7
Suppose -24*y + 25*y = 45. What is the units digit of y?
5
Let z be 2/(((-2)/11)/(-1)). Suppose -d + 2*b = -6 - 8, -3*b - z = -d. What is the units digit of d?
0
Let y(s) = -s**3 - s**2 + s + 2. Let c be y(0). Suppose w = 3 - c. What is the units digit of 4 + 0 + 1 + w?
6
Suppose 5*a + 0 = 3*f - 22, 2*f - 18 = 5*a. Suppose -3*s = 3*m - 18, 5*m = -f*s + 22 + 4. What is the units digit of s?
4
Suppose 6 + 0 = 2*i. Suppose -i = 5*u - 63. What is the units digit of u?
2
Let k(a) = 2*a**3 - 3*a**2 + 1. Let l be k(2). Suppose 0 = -2*d - l + 67. What is the tens digit of d?
3
Suppose 35 = p - 26. What is the units digit of p?
1
Let k be (-3)/(-5) - 176/10. Let s = k + 19. What is the units digit of s?
2
What is the tens digit of (4 - 1)*664/12?
6
Let p(v) = -2*v**3 - 2*v**2 + 3*v - 3. Let j be p(2). What is the units digit of j/(-6) - (-2)/4?
4
Let u(t) = -t**3 - 4*t**2 + 2*t + 1. What is the units digit of u(-5)?
6
Let m(o) = 12*o - 6. Let c be m(3). Suppose -2*u - c = -3*u. What is the tens digit of u?
3
Let l = -5 - -4. What is the tens digit of -2 + (-1 - -19) - l?
1
Suppose 10*c - 5*c - 35 = 0. What is the units digit of c?
7
Let p(z) = -64*z + 5. What is the units digit of p(-4)?
1
Let h(j) = 4*j**2 - 12*j + 14. What is the hundreds digit of h(-6)?
2
Let y(x) = -x + 2*x - 3 - 5*x. What is the tens digit of y(-4)?
1
Let w be (-1 - -1)/(1/1). Suppose 21 = -j - w*j. What is the units digit of ((-6)/(-9))/((-2)/j)?
7
Let l be 3*1*(-8)/(-12). Suppose l*t + 0*t - 4 = 0. Suppose -6*y = -t*y - 12. What is the units digit of y?
3
Suppose -35 = 5*i + 5*y, -i - 2*y = -4*i - 46. Let p be (-99)/12 - (-2)/8. Let j = p - i. What is the units digit of j?
4
Suppose 3*z = 4*h - 33, -h - 4 = 2*z - 15. What is the units digit of (-3)/h*-5*3?
5
Let g = -54 - -125. What is the tens digit of g?
7
What is the units digit of ((-2190)/(-6))/(3*(-3)/(-9))?
5
Let m = 386 - 249. What is the hundreds digit of m?
1
Let g(s) = -4*s + 2. Let j(w) = -w**2 + 3*w - 2. Let q be j(3). Let h be g(q). Suppose 0 = 5*f - 0*f - h. What is the units digit of f?
2
Let n be 2*-5 - (-1)/(-1). Let i(z) = -3*z + 15. Let h be i(7). Let t = h - n. What is the units digit of t?
5
Suppose -45 = -b - 3*d, 0*b = 4*b - 5*d - 129. Suppose 0 = -z - 3*z + b. What is the units digit of z?
9
Suppose -2*w + 2 - 8 = 0. Let t = w + 5. What is the units digit of t?
2
Suppose 334 + 81 = 4*j + o, 4*o = -3*j + 308. What is the tens digit of j?
0
Suppose 2*u = 3*g - 29, -3*g + 4*g - 5*u = 27. Let s(f) = 2*f - 3. What is the units digit of s(g)?
1
Suppose 4*t = 3*m + 168, 0 = 2*t - 3*m - m - 84. Suppose -y + t = 14. What is the units digit of y?
8
Let z(l) = 3*l**2 - 7*l + 1. What is the tens digit of z(5)?
4
Suppose 0 = -0*x + 3*x. Suppose -r - 3*r + 64 = x. What is the tens digit of r?
1
Suppose 3*t - 4 = t. Suppose -4*j + t = -2*w, -3*w = -0*w - 5*j + 2. Suppose 4*r + w = 37. What is the units digit of r?
9
Let q = 19 + -17. What is the units digit of ((-62)/4)/(q/(-4))?
1
Let g = 115 + -76. What is the tens digit of (1 + 0)/(3/g)?
1
Let v be (135/3)/3 - -1. Suppose -2*l + v = -0*l. Let f = l + 4. What is the tens digit of f?
1
Let w(m) = -m**3 - 9*m**2 - 9*m - 8. Let i be w(-8). Suppose i - 21 = -3*h. What is the units digit of h?
7
Suppose 3*c - 17 = 70. What is the units digit of c?
9
Suppose 2*p + 3 = -23. Let h = 32 + p. What is the tens digit of h?
1
Let n = -3 - -6. Suppose 13 = 4*y + 3*p - 3, 0 = n*y + 4*p - 12. What is the units digit of y?
4
Let y = -41 - -71. What is the tens digit of y?
3
Let h(z) = -3*z - 2. Let q be h(-2). Suppose -q*l = -l. Suppose l*b + 3 = 3*b. What is the units digit of b?
1
Let h = 20 - 30. What is the tens digit of 1*-3*(h - -6)?
1
What is the tens digit of 20*(110/(-25) - -5)?
1
Let x(n) = 21*n**3 - n**2. Let o(v) = v**2 + 5*v + 3. Let g be o(-4). Let u be x(g). Let l = -13 - u. What is the units digit of l?
9
Let l(t) be the second derivative of -t**3/3 - 4*t**2 + t. What is the tens digit of l(-10)?
1
Let u be -2 + (-1 - -3 - 0). Suppose 2*b + b - 54 = u. What is the units digit of b?
8
Suppose 4*j - 13 = 155. What is the units digit of j?
2
Suppose 2*x - x - 46 = 0. What is the tens digit of x?
4
Let f(y) = -3*y + 8. What is the units digit of f(-3)?
7
Let f(s) = -s**3 - 10*s**2 - 8*s + 6. Let z be f(-9). Let h(u) = 5*u**2 + u - 3. Let j be h(z). Let r = j + -22. What is the units digit of r?
7
Let y = -70 + 49. Let g = 30 + y. What is the units digit of g?
9
Suppose -x + 3*p + 0 = -3, x = 2*p + 6. Let q = -6 - -6. Suppose 0 = 2*k - q*k - x. What is the units digit of k?
6
Suppose 3*k + 24 - 114 = 0. What is the tens digit of k?
3
Let o be 2/6 - 8/(-3). Suppose -4*s = 1 + o. Let l(p) = 2*p**2 - 2*p - 1. What is the units digit of l(s)?
3
Let k be ((-39)/(-2))/((-3)/(-4)). Suppose k = 3*x - 19. What is the tens digit of x?
1
What is the units digit of (-10 + -15)*1*-1?
5
Suppose 2*z - 3*k + 19 = -5, 2*z - k + 16 = 0. Let r be -8*(z/(-2) + -4). Let o = -4 + r. What is the units digit of o?
4
Suppose 320 = 5*i + 135. What is the units digit of i?
7
Suppose -5*w + 265 = o + 4*o, -3*o + 158 = 4*w. What is the units digit of o?
4
Suppose 3*o = 5*o - 4. Suppose 0 = -o*a - 3*a + 265. What is the units digit of a?
3
Let o(w) = -104*w**3 - 2*w**2 - 3*w. What is the hundreds digit of o(-1)?
1
Suppose 2*a + j - 9 = 0, 3*j = a - 2*a + 2. Suppose 4 + 1 = a*b. What is the units digit of (b - 0/(-3)) + 9?
0
Suppose 3*y + 3 = -2*l, 3 + 12 = 2*l - 3*y. Suppose -l*k + 1 = -11. Suppose 2*i = k*i - 20. What is the tens digit of i?
1
Suppose 5*f - 15 = 0, 4*n - 189 = -4*f + 15. What is the tens digit of n?
4
Suppose -6*y = -3*y - 318. What is the hundreds digit of y?
1
Suppose 4*i - 17 = 3*c, -4*i + 19 = -c - 0. Suppose 2*r - i*s - 49 = -2*r, s = 5*r - 56. What is the units digit of r?
1
Let b(o) = 7*o. Let x be b(-1). Let h = -3 - x. Suppose i + 3*i - 28 = -3*m, -52 = -h*m + 2*i. What is the units digit of m?
2
Let p(u) = -u**3 - 5*u**2 + u + 7. Let y(k) = -k - 3. Let f be y(3). What is the units digit of p(f)?
7
Let p = 122 + -69. What is the units digit of p?
3
Let b = -2 - -3. What is the units digit of b?
1
Suppose -o + 6*o = -4*x + 390, -3*x = -5*o - 310. Suppose t + 4*t = x. What is the tens digit of t?
2
Let b(j) = 2*j**2 + j. Let m(p) = -4*p**2 - p - 1. Let s(n) = -5*n**2. Let o(v) = 4*m(v) - 3*s(v). Let